87 divide 597226122?
True
Is 25969319 a multiple of 296?
False
Does 4162 divide 3317447789?
False
Is 5 a factor of 7322757?
False
Is 40684410 a multiple of 104?
False
Is 180 a factor of 53121600?
True
Does 19 divide 94273915?
True
Does 6718 divide 103134736?
True
Is 33275797 a multiple of 79?
False
Is 8721972 a multiple of 42?
True
Is 316605450 a multiple of 255?
True
Is 12 a factor of 47445048?
True
Is 6504992 a multiple of 52?
True
Is 1193716256 a multiple of 992?
True
Does 238 divide 904144864?
True
Is 29 a factor of 384664381?
True
Does 18 divide 766403342?
False
Is 436 a factor of 357423644?
True
Does 1553 divide 495341291?
False
Is 38 a factor of 13557716?
True
Does 121 divide 8127207?
True
Is 574 a factor of 783310437?
False
Does 148 divide 16162932?
True
Is 534 a factor of 107298756?
True
Is 1389741678 a multiple of 470?
False
Does 288 divide 689189472?
True
Is 27269717 a multiple of 1472?
False
Is 304 a factor of 108785488?
True
Is 77575025 a multiple of 275?
True
Does 2318 divide 278695458?
True
Is 93 a factor of 32312664?
True
Is 303 a factor of 50334941?
False
Is 105672489 a multiple of 603?
False
Does 20 divide 50861527?
False
Is 601748880 a multiple of 1720?
True
Is 111 a factor of 1393878282?
True
Is 3776088020 a multiple of 12?
False
Is 359 a factor of 597233003?
False
Is 45504963 a multiple of 34?
False
Is 38803944 a multiple of 10?
False
Is 25 a factor of 413677100?
True
Is 1984512 a multiple of 48?
True
Is 176853380 a multiple of 220?
True
Does 602 divide 60493776?
True
Is 51 a factor of 9821580?
True
Does 58 divide 154164?
True
Is 143 a factor of 1267107127?
True
Does 11 divide 54564235?
True
Is 667120785 a multiple of 145?
True
Does 4009 divide 432306506?
True
Is 1071291474 a multiple of 54?
True
Is 495645614 a multiple of 218?
False
Is 5629821 a multiple of 6?
False
Is 600266760 a multiple of 4156?
False
Does 35 divide 956542546?
False
Is 98325890 a multiple of 13?
True
Is 110 a factor of 416596701?
False
Is 23904561 a multiple of 397?
True
Does 307 divide 9645546?
False
Is 324428384 a multiple of 14?
True
Is 16 a factor of 443844048?
True
Is 1136 a factor of 290667084?
False
Is 65105440 a multiple of 10?
True
Does 13 divide 1541155148?
True
Is 2729949508 a multiple of 52?
True
Is 27 a factor of 197236134?
True
Is 881017837 a multiple of 941?
True
Is 985484365 a multiple of 12?
False
Does 1682 divide 7452101847?
False
Does 19 divide 2242358628?
False
Is 2388 a factor of 130395762?
False
Is 64175034 a multiple of 374?
True
Is 23 a factor of 107580614?
True
Is 54712963 a multiple of 1274?
False
Does 48 divide 36948811?
False
Does 8 divide 8498786?
False
Is 211 a factor of 256587605?
True
Is 3 a factor of 60240102?
True
Is 673 a factor of 435691713?
False
Is 35116216 a multiple of 58?
True
Does 243 divide 3826509400?
False
Does 5455 divide 579615570?
True
Is 289 a factor of 27942382?
False
Does 37 divide 2477485278?
False
Does 400 divide 131995600?
True
Is 644 a factor of 34765773?
False
Does 67 divide 178716366?
False
Does 71 divide 790641374?
True
Is 113501444 a multiple of 4?
True
Is 143 a factor of 190577959?
True
Is 125294415 a multiple of 13?
False
Is 3 a factor of 772011?
True
Is 6370 a factor of 427408088?
False
Is 131572116 a multiple of 78?
True
Does 627 divide 428676765?
True
Does 335 divide 54607948?
False
Is 62 a factor of 51399066?
False
Does 26 divide 202285397?
False
Is 9950714 a multiple of 5?
False
Is 3778 a factor of 787886570?
False
Does 1804 divide 107964933?
False
Is 4476293 a multiple of 887?
False
Does 12 divide 174866992?
False
Does 108 divide 24737335?
False
Is 79196103 a multiple of 331?
False
Is 163842392 a multiple of 1525?
False
Is 29397444 a multiple of 1445?
False
Is 20245690 a multiple of 215?
True
Is 236491281 a multiple of 1706?
False
Does 24 divide 6593712?
True
Does 5 divide 397931845?
True
Does 67 divide 661630039?
False
Does 108 divide 193908816?
True
Is 43883639 a multiple of 698?
False
Is 1571013180 a multiple of 45?
True
Is 5260 a factor of 140164298?
False
Does 1221 divide 58605558?
True
Is 43790924 a multiple of 562?
False
Does 1204 divide 1412356?
False
Is 727 a factor of 1634459962?
False
Does 16 divide 369062976?
True
Is 743 a factor of 230764341?
False
Is 8 a factor of 217425464?
True
Is 563 a factor of 264578106?
False
Is 2646072590 a multiple of 10?
True
Does 4 divide 2716348?
True
Is 22 a factor of 292826622?
True
Is 65528357 a multiple of 16?
False
Does 942 divide 210940041?
False
Does 2 divide 907753?
False
Is 8681106 a multiple of 973?
True
Is 4781698275 a multiple of 111?
False
Is 105495340 a multiple of 215?
True
Is 888 a factor of 1740521917?
False
Is 65468448 a multiple of 24?
True
Is 1400 a factor of 30994600?
True
Is 65 a factor of 26556985?
True
Is 13159935 a multiple of 387?
True
Is 9 a factor of 1309253759?
False
Is 402975958 a multiple of 347?
True
Does 40 divide 76116711?
False
Does 196 divide 1428445964?
False
Is 15 a factor of 134002544?
False
Does 592 divide 103779968?
True
Is 57558124 a multiple of 26?
True
Does 21 divide 828788500?
False
Is 15 a factor of 1546044585?
True
Is 25494373 a multiple of 164?
False
Is 76032677 a multiple of 590?
False
Is 1165112982 a multiple of 1474?
True
Is 27034029 a multiple of 8?
False
Does 95 divide 350315264?
False
Does 483 divide 47239332?
True
Is 15 a factor of 2023050405?
True
Is 24 a factor of 276561576?
True
Does 496 divide 168682459?
False
Is 395833109 a multiple of 50?
False
Is 41 a factor of 142766470?
False
Is 7 a factor of 62518200?
False
Does 21 divide 20934186?
True
Is 40 a factor of 2167192?
False
Is 1107 a factor of 936491004?
True
Is 702 a factor of 40207752?
True
Does 53 divide 201543524?
True
Does 2961 divide 107179536?
False
Does 3021 divide 5873062659?
True
Does 2139 divide 1054527?
True
Is 23131493 a multiple of 163?
True
Does 38 divide 120519356?
True
Is 28280877 a multiple of 69?
False
Is 356061248 a multiple of 64?
True
Is 24629932 a multiple of 184?
False
Is 7 a factor of 1426730718?
True
Is 14 a factor of 7476630?
True
Does 2072 divide 125903008?
True
Is 34680320 a multiple of 248?
True
Does 6 divide 5984842?
False
Does 412 divide 22988087?
False
Does 15 divide 28182063?
False
Is 947 a factor of 40129270?
False
Is 13 a factor of 9336303?
False
Is 483 a factor of 486313279?
False
Does 851 divide 227496128?
True
Does 445 divide 73105935?
True
Does 4 divide 7299185?
False
Does 35 divide 31673250?
True
Is 73 a factor of 1468486291?
False
Is 16 a factor of 18364016?
True
Is 10 a factor of 31186582?
False
Is 2354 a factor of 54701367?
False
Is 603509024 a multiple of 362?
True
Is 35443052 a multiple of 855?
False
Does 20 divide 452000?
True
Is 2718 a factor of 1073408868?
True
Does 20 divide 70248195?
False
Is 3278615 a multiple of 27?
False
Is 198075699 a multiple of 15?
False
Does 200 divide 17586400?
True
Is 30932303 a multiple of 135?
False
Is 16 a factor of 21364624?
True
Does 17 divide 101044566?
True
Is 36 a factor of 12046860?
True
Is 26690791 a multiple of 315?
False
Does 59 divide 152929357?
True
Is 205 a factor of 346713425?
True
Is 40 a factor of 1665561645?
False
Does 1946 divide 61174456?
True
Does 512 divide 8155648?
True
Does 1084 divide 312539964?
True
Does 19 divide 816514514?
False
Is 58 a factor of 2558670?
True
Is 8 a factor of 503568?
True
Is 13 a factor of 169386347?
True
Does 8 divide 531136424?
True
Is 137995240 a multiple of 5?
True
Does 2867 divide 2001394830?
False
Is 31 a factor of 750772863?
False
Does 614 divide 180979556?
False
Does 1510 divide 248454925?
False
Is 13 a factor of 589480229?
True
Is 32742675 a multiple of 45?
True
Is 1528 a factor of 1505799688?
True
Is 148238198 a multiple of 58?
True
Is 4069796940 a multiple of 1966?
True
Is 4441636 a multiple of 18?
False
Is 436573705 a multiple of 5603?
False
Is 2612888 a multiple of 8?
True
Does 615 divide 40798782?
False
Does 50 divide 164802947?
False
Is 154029016 a multiple of 8?
True
Is 73 a factor of 4921180327?
False
Is 39898176 a multiple of 114?
True
Is 42093158 a multiple of 823?
True
Is 66923765 a multiple of 24?
False
Is 197274193 a multiple of 20?
False
Is 86 a factor of 25622103?
False
Does 4629 divide 665306053?
False
Is 1773963052 a multiple of 16?
False
Is 18 a factor of 62341686?
True
Does 404 divi